843.
3, 109, 745709
What are the prime factors of 542871830?
2, 5, 5483, 9901
What are the prime factors of 700028359?
5693, 122963
What are the prime factors of 1808829?
3, 11, 151
What are the prime factors of 6989580?
2, 3, 5, 13, 29, 103
List the prime factors of 61758739.
7, 17, 518981
What are the prime factors of 3954973?
11, 257, 1399
What are the prime factors of 1707291316?
2, 426822829
What are the prime factors of 499147982?
2, 17, 37, 619, 641
What are the prime factors of 22119377?
7, 37, 41, 2083
List the prime factors of 253357680.
2, 3, 5, 191, 5527
What are the prime factors of 184066727?
13, 1097, 12907
What are the prime factors of 438045691?
313, 1399507
What are the prime factors of 39967993?
13, 61, 3877
What are the prime factors of 119221930?
2, 5, 11922193
List the prime factors of 435642311.
13, 103, 325349
List the prime factors of 140734876.
2, 1297, 27127
List the prime factors of 4250358834.
2, 3, 708393139
What are the prime factors of 7991395?
5, 1598279
What are the prime factors of 58844703?
3, 19614901
What are the prime factors of 39004338?
2, 3, 73, 89051
List the prime factors of 1258688465.
5, 67, 3757279
List the prime factors of 681776827.
881, 773867
What are the prime factors of 21849383?
29, 753427
List the prime factors of 49947911.
13, 3842147
What are the prime factors of 621161728?
2, 11, 1823
List the prime factors of 799662534.
2, 3, 11, 1117, 10847
What are the prime factors of 46404588?
2, 3, 389, 9941
List the prime factors of 274496202.
2, 3, 59, 3191
What are the prime factors of 3473249374?
2, 7, 83, 131, 22817
List the prime factors of 6215641.
19, 41, 79, 101
List the prime factors of 203252230.
2, 5, 20325223
List the prime factors of 67689848.
2, 8461231
What are the prime factors of 38383291?
5113, 7507
What are the prime factors of 131422311?
3, 101, 48193
What are the prime factors of 3275056077?
3, 1091685359
List the prime factors of 187741862.
2, 7, 11, 439, 2777
List the prime factors of 1187875084.
2, 11, 37, 59, 83, 149
List the prime factors of 44713406.
2, 491, 45533
List the prime factors of 729677725.
5, 7, 113, 36899
List the prime factors of 581562810.
2, 3, 5, 29, 163, 1367
What are the prime factors of 350633734?
2, 11, 61, 227, 1151
List the prime factors of 3337171727.
3337171727
List the prime factors of 49399143.
3, 16466381
What are the prime factors of 83731408?
2, 23, 227531
List the prime factors of 44501017.
11, 367777
What are the prime factors of 72024243?
3, 24008081
What are the prime factors of 51061591?
7, 17, 37, 11597
What are the prime factors of 77409973?
23, 3365651
List the prime factors of 629877410.
2, 5, 101, 623641
What are the prime factors of 448675125?
3, 5, 127, 9421
What are the prime factors of 503625250?
2, 5, 23, 87587
What are the prime factors of 4365937572?
2, 3, 19, 73, 262313
List the prime factors of 199485850.
2, 5, 139, 28703
What are the prime factors of 531845377?
7, 75977911
List the prime factors of 1122102529.
1122102529
List the prime factors of 401122425.
3, 5, 11, 601, 809
What are the prime factors of 343721458?
2, 61, 2817389
What are the prime factors of 2811695842?
2, 179, 1033, 7603
List the prime factors of 1347961244.
2, 7, 389, 123757
What are the prime factors of 83900344?
2, 11, 97, 9829
What are the prime factors of 1193572536?
2, 3, 13, 83, 46091
What are the prime factors of 171430051?
13, 257, 3947
What are the prime factors of 547563805?
5, 109512761
List the prime factors of 39490616.
2, 11, 281, 1597
What are the prime factors of 986187962?
2, 3089, 159629
List the prime factors of 182992704.
2, 3, 211, 4517
List the prime factors of 333669172.
2, 6659, 12527
List the prime factors of 1808025292.
2, 97, 109, 42751
List the prime factors of 438419661.
3, 19, 911, 8443
What are the prime factors of 543450678?
2, 3, 90575113
What are the prime factors of 363153286?
2, 17, 89, 120011
What are the prime factors of 5232057880?
2, 5, 7, 1163, 16067
List the prime factors of 246153799.
246153799
What are the prime factors of 17187652?
2, 4296913
What are the prime factors of 5226464599?
83, 191, 329683
List the prime factors of 27648305.
5, 5529661
What are the prime factors of 400121092?
2, 7, 31, 460969
List the prime factors of 992687466.
2, 3, 7283, 22717
What are the prime factors of 73811256?
2, 3, 643, 4783
What are the prime factors of 35479715?
5, 151, 46993
What are the prime factors of 8342716?
2, 17, 79, 1553
List the prime factors of 677703538.
2, 17, 103, 431, 449
What are the prime factors of 3191359545?
3, 5, 11, 83, 173, 449
List the prime factors of 615084754.
2, 6353, 48409
What are the prime factors of 1013808876?
2, 3, 463, 182471
What are the prime factors of 6627428?
2, 19, 29, 31, 97
List the prime factors of 1129533895.
5, 7, 32272397
What are the prime factors of 1909819714?
2, 11, 47, 167911
List the prime factors of 2093799003.
3, 697933001
List the prime factors of 1657553677.
13, 127504129
List the prime factors of 45487713.
3, 491, 30881
List the prime factors of 384498572.
2, 919, 104597
What are the prime factors of 1788579482?
2, 37, 157, 153949
List the prime factors of 4384566.
2, 3, 243587
List the prime factors of 2552016094.
2, 1276008047
What are the prime factors of 1115766567?
3, 89, 491, 2837
What are the prime factors of 69114132?
2, 3, 467, 4111
List the prime factors of 252709181.
89, 2839429
List the prime factors of 88839896.
2, 19, 584473
List the prime factors of 58257106.
2, 4373, 6661
List the prime factors of 13597109.
13597109
List the prime factors of 164173396.
2, 31, 42709
What are the prime factors of 164083090?
2, 5, 16408309
List the prime factors of 412766895.
3, 5, 27517793
List the prime factors of 132245868.
2, 3, 263, 41903
What are the prime factors of 70862518?
2, 2389, 14831
List the prime factors of 613815521.
11, 139, 157, 2557
What are the prime factors of 1689364290?
2, 3, 5, 17, 19, 313, 557
What are the prime factors of 47497091?
79, 727, 827
List the prime factors of 2764751430.
2, 3, 5, 7, 31, 424693
What are the prime factors of 303031709?
303031709
What are the prime factors of 457642549?
7, 13, 163, 30853
List the prime factors of 826941901.
43, 79, 243433
List the prime factors of 114517980.
2, 3, 5, 636211
What are the prime factors of 1385581779?
3, 153953531
List the prime factors of 13950488.
2, 1743811
List the prime factors of 108281871.
3, 12031319
What are the prime factors of 3065178736?
2, 263, 728417
List the prime factors of 2753493035.
5, 113, 941, 5179
List the prime factors of 144637013.
144637013
What are the prime factors of 104175402?
2, 3, 17362567
List the prime factors of 3268403869.
26099, 125231
List the prime factors of 863923661.
67, 12894383
What are the prime factors of 877086719?
41, 21392359
List the prime factors of 6209337163.
23, 71, 757, 5023
List the prime factors of 397292855.
5, 149, 197, 2707
List the prime factors of 311371714.
2, 53, 2937469
What are the prime factors of 11584495?
5, 13, 178223
List the prime factors of 10110981.
3, 3370327
List the prime factors of 897855262.
2, 448927631
List the prime factors of 144469436.
2, 36117359
What are the prime factors of 16493145?
3, 5, 17, 64679
What are the prime factors of 4811217?
3, 233, 6883
List the prime factors of 63578944.
2, 11, 13, 6947
List the prime factors of 1633506739.
61, 1987, 13477
List the prime factors of 1057684052.
2, 41, 47, 137219
What are the prime factors of 61871454?
2, 3, 1613, 2131
What are the prime factors of 801272988?
2, 3, 23, 967721
List the prime factors of 292982006.
2, 146491003
List the prime factors of 3286337724.
2, 3, 30429053
What are the prime factors of 1106958389?
67, 16521767
What are the prime factors of 1740166913?
23, 75659431
List the prime factors of 50201090.
2, 5, 31, 67, 2417
What are the prime factors of 6276746?
2, 7, 23, 101, 193
What are the prime factors of 964114043?
31, 53, 586801
List the prime factors of 1286690488.
2, 19, 1091, 7759
What are the prime factors of 29708779?
53, 560543
What are the prime factors of 1466010?
2, 3, 5, 7, 13, 179
What are the prime factors of 43909135?
5, 73, 120299
What are the prime factors of 73195968?
2, 3, 53, 7193
What are the prime factors of